{"id":76,"date":"2021-09-30T22:40:07","date_gmt":"2021-09-30T22:40:07","guid":{"rendered":"https:\/\/webredox.net\/demo\/wp\/bauen\/light\/multi\/demo1\/?page_id=76"},"modified":"2023-11-09T18:43:28","modified_gmt":"2023-11-09T17:43:28","slug":"team","status":"publish","type":"page","link":"https:\/\/www.bwpm.de\/bwpm6\/team\/","title":{"rendered":"Team"},"content":{"rendered":"<div class=\"wpb-content-wrapper\">[vc_row row_type=&#8221;main-section&#8221; bauen_section_layout=&#8221;section_grid&#8221; bauen_df_padding_bottom=&#8221;section-padding2&#8243;][vc_column][wr_vc_section_heading title=&#8221;Our `{`span`}` Team`{`\/span`}`&#8221;][\/wr_vc_section_heading][wr_vc_teamss][wr_vc_teams image=&#8221;2544&#8243; title=&#8221;Martial RM N\u00e4hring&#8221; title2=&#8221;Gesch\u00e4ftsf\u00fchrender Gesellschafter&#8221; title3=&#8221;Dipl.-Ing.(FH) M.Sc.&#8221;][wr_vc_team icon_class=&#8221;ti-linkedin&#8221; link_url=&#8221;https:\/\/de.linkedin.com\/in\/martial-n%C3%A4hring-6462137b&#8221;][wr_vc_team icon_class=&#8221;ti-email&#8221; link_url=&#8221;mailto:m.naehring@bwpm.de&#8221;][\/wr_vc_teams][wr_vc_teams image=&#8221;3230&#8243; title=&#8221;Sonja Fischer&#8221; title2=&#8221;Prokuristin&#8221;][wr_vc_team icon_class=&#8221;ti-email&#8221; link_url=&#8221;mailto:s.fischer@bwpm.de&#8221;][\/wr_vc_teams][wr_vc_teams image=&#8221;3037&#8243; title=&#8221;J\u00fcrgen Crone&#8221; title2=&#8221;Teamleiter&#8221; title3=&#8221;Dipl.-Ing.&#8221;][wr_vc_team icon_class=&#8221;ti-email&#8221; link_url=&#8221;mailto:j.crone@bwpm.de&#8221;][\/wr_vc_teams][\/wr_vc_teamss][\/vc_column][\/vc_row][vc_row row_type=&#8221;main-section&#8221; bauen_section_layout=&#8221;section_grid&#8221; bauen_color_scheme=&#8221;bg-scheme-1&#8243; wr_color_scheme=&#8221;bg-scheme-1&#8243;][vc_column width=&#8221;5\/12&#8243;][\/vc_column][\/vc_row]\n<\/div>","protected":false},"excerpt":{"rendered":"<p>[vc_row row_type=&#8221;main-section&#8221; bauen_section_layout=&#8221;section_grid&#8221; bauen_df_padding_bottom=&#8221;section-padding2&#8243;][vc_column][wr_vc_section_heading title=&#8221;Our `{`span`}` Team`{`\/span`}`&#8221;][\/wr_vc_section_heading][wr_vc_teamss][wr_vc_teams image=&#8221;2544&#8243; title=&#8221;Martial RM N\u00e4hring&#8221; title2=&#8221;Gesch\u00e4ftsf\u00fchrender Gesellschafter&#8221; title3=&#8221;Dipl.-Ing.(FH) M.Sc.&#8221;][wr_vc_team icon_class=&#8221;ti-linkedin&#8221; link_url=&#8221;https:\/\/de.linkedin.com\/in\/martial-n%C3%A4hring-6462137b&#8221;][wr_vc_team icon_class=&#8221;ti-email&#8221; link_url=&#8221;mailto:m.naehring@bwpm.de&#8221;][\/wr_vc_teams][wr_vc_teams image=&#8221;3230&#8243; title=&#8221;Sonja Fischer&#8221; title2=&#8221;Prokuristin&#8221;][wr_vc_team icon_class=&#8221;ti-email&#8221; link_url=&#8221;mailto:s.fischer@bwpm.de&#8221;][\/wr_vc_teams][wr_vc_teams image=&#8221;3037&#8243; title=&#8221;J\u00fcrgen Crone&#8221; title2=&#8221;Teamleiter&#8221; title3=&#8221;Dipl.-Ing.&#8221;][wr_vc_team icon_class=&#8221;ti-email&#8221; link_url=&#8221;mailto:j.crone@bwpm.de&#8221;][\/wr_vc_teams][\/wr_vc_teamss][\/vc_column][\/vc_row][vc_row row_type=&#8221;main-section&#8221; bauen_section_layout=&#8221;section_grid&#8221; bauen_color_scheme=&#8221;bg-scheme-1&#8243; wr_color_scheme=&#8221;bg-scheme-1&#8243;][vc_column width=&#8221;5\/12&#8243;][\/vc_column][\/vc_row]<\/p>\n","protected":false},"author":1,"featured_media":0,"parent":0,"menu_order":0,"comment_status":"closed","ping_status":"closed","template":"","meta":{"footnotes":"","_links_to":"","_links_to_target":""},"class_list":["post-76","page","type-page","status-publish","hentry"],"_links":{"self":[{"href":"https:\/\/www.bwpm.de\/bwpm6\/wp-json\/wp\/v2\/pages\/76","targetHints":{"allow":["GET"]}}],"collection":[{"href":"https:\/\/www.bwpm.de\/bwpm6\/wp-json\/wp\/v2\/pages"}],"about":[{"href":"https:\/\/www.bwpm.de\/bwpm6\/wp-json\/wp\/v2\/types\/page"}],"author":[{"embeddable":true,"href":"https:\/\/www.bwpm.de\/bwpm6\/wp-json\/wp\/v2\/users\/1"}],"replies":[{"embeddable":true,"href":"https:\/\/www.bwpm.de\/bwpm6\/wp-json\/wp\/v2\/comments?post=76"}],"version-history":[{"count":11,"href":"https:\/\/www.bwpm.de\/bwpm6\/wp-json\/wp\/v2\/pages\/76\/revisions"}],"predecessor-version":[{"id":3034,"href":"https:\/\/www.bwpm.de\/bwpm6\/wp-json\/wp\/v2\/pages\/76\/revisions\/3034"}],"wp:attachment":[{"href":"https:\/\/www.bwpm.de\/bwpm6\/wp-json\/wp\/v2\/media?parent=76"}],"curies":[{"name":"wp","href":"https:\/\/api.w.org\/{rel}","templated":true}]}}